{"id":9,"date":"2018-05-06T03:59:47","date_gmt":"2018-05-06T01:59:47","guid":{"rendered":"http:\/\/cgtdsipolemploi.fr\/?page_id=9"},"modified":"2020-09-18T17:47:46","modified_gmt":"2020-09-18T15:47:46","slug":"contact","status":"publish","type":"page","link":"https:\/\/cgtdsipolemploi.fr\/index.php\/contact\/","title":{"rendered":"Contact"},"content":{"rendered":"<p>Vous pouvez nous joindre par mail.<br \/>\nOu consulter <a href=\"https:\/\/poleemploidsi.jevotecgt.fr\/\" rel=\"noopener noreferrer\" target=\"_blank\">notre site sp\u00e9cial \u00e9lections professionnelles 2019<\/a>.<\/p>\n<p>Notre cha\u00eene <a href=\"https:\/\/www.youtube.com\/channel\/UCRZnK7leEnolZTSD2BY5w1w\">Youtube<\/a> !<\/p>\n<p>Notre page <a href=\"https:\/\/www.facebook.com\/CgtPoleEmploiDSI\/\">Facebook<\/a> !<\/p>\n","protected":false},"excerpt":{"rendered":"<p>Vous pouvez nous joindre par mail. Ou consulter notre site sp\u00e9cial \u00e9lections professionnelles 2019. Notre cha\u00eene Youtube ! Notre page Facebook !<\/p>\n","protected":false},"author":11,"featured_media":4,"parent":0,"menu_order":0,"comment_status":"closed","ping_status":"closed","template":"","meta":{"footnotes":""},"_links":{"self":[{"href":"https:\/\/cgtdsipolemploi.fr\/index.php\/wp-json\/wp\/v2\/pages\/9"}],"collection":[{"href":"https:\/\/cgtdsipolemploi.fr\/index.php\/wp-json\/wp\/v2\/pages"}],"about":[{"href":"https:\/\/cgtdsipolemploi.fr\/index.php\/wp-json\/wp\/v2\/types\/page"}],"author":[{"embeddable":true,"href":"https:\/\/cgtdsipolemploi.fr\/index.php\/wp-json\/wp\/v2\/users\/11"}],"replies":[{"embeddable":true,"href":"https:\/\/cgtdsipolemploi.fr\/index.php\/wp-json\/wp\/v2\/comments?post=9"}],"version-history":[{"count":6,"href":"https:\/\/cgtdsipolemploi.fr\/index.php\/wp-json\/wp\/v2\/pages\/9\/revisions"}],"predecessor-version":[{"id":457,"href":"https:\/\/cgtdsipolemploi.fr\/index.php\/wp-json\/wp\/v2\/pages\/9\/revisions\/457"}],"wp:featuredmedia":[{"embeddable":true,"href":"https:\/\/cgtdsipolemploi.fr\/index.php\/wp-json\/wp\/v2\/media\/4"}],"wp:attachment":[{"href":"https:\/\/cgtdsipolemploi.fr\/index.php\/wp-json\/wp\/v2\/media?parent=9"}],"curies":[{"name":"wp","href":"https:\/\/api.w.org\/{rel}","templated":true}]}}